he remainder when 2902754 is divided by 1137.
1130
Calculate the remainder when 23898 is divided by 23833.
65
What is the remainder when 2103051 is divided by 55343?
17
Calculate the remainder when 3923087 is divided by 48.
47
Calculate the remainder when 317701 is divided by 15126.
55
What is the remainder when 8890997 is divided by 14769?
59
What is the remainder when 1282583 is divided by 641267?
49
Calculate the remainder when 2351983 is divided by 19.
11
What is the remainder when 1778968 is divided by 26?
22
Calculate the remainder when 246551037 is divided by 81.
78
What is the remainder when 52224890 is divided by 67?
65
What is the remainder when 1326949 is divided by 45753?
112
What is the remainder when 101426 is divided by 4408?
42
Calculate the remainder when 30837844 is divided by 428.
16
What is the remainder when 25760499 is divided by 1610031?
3
Calculate the remainder when 267507144 is divided by 133753572.
0
What is the remainder when 119573 is divided by 2573?
1215
What is the remainder when 8735683 is divided by 353?
345
What is the remainder when 12706 is divided by 795?
781
Calculate the remainder when 172450 is divided by 242.
146
Calculate the remainder when 87561 is divided by 12308.
1405
What is the remainder when 133904 is divided by 334?
304
Calculate the remainder when 68982753 is divided by 1180.
1133
What is the remainder when 12018 is divided by 9712?
2306
Calculate the remainder when 1019880 is divided by 1019869.
11
Calculate the remainder when 9222128 is divided by 360.
8
What is the remainder when 910318516 is divided by 209?
206
What is the remainder when 365594 is divided by 3769?
1
Calculate the remainder when 6397424 is divided by 45.
44
What is the remainder when 255144 is divided by 16?
8
Calculate the remainder when 9087186 is divided by 229.
8
Calculate the remainder when 11340185 is divided by 1627.
1622
Calculate the remainder when 5211430 is divided by 63.
7
Calculate the remainder when 15200 is divided by 1371.
119
What is the remainder when 1714955 is divided by 45?
5
What is the remainder when 22378818 is divided by 1435?
1428
Calculate the remainder when 2260540 is divided by 1906.
24
What is the remainder when 2420100 is divided by 901?
14
What is the remainder when 12780473 is divided by 99?
68
Calculate the remainder when 31950444 is divided by 10650143.
15
What is the remainder when 365107 is divided by 164?
43
What is the remainder when 1731147 is divided by 473?
440
What is the remainder when 17725311 is divided by 22019?
16
Calculate the remainder when 523110 is divided by 6156.
6006
Calculate the remainder when 128336 is divided by 224.
208
Calculate the remainder when 1011488 is divided by 184.
40
Calculate the remainder when 27324630 is divided by 61.
46
Calculate the remainder when 2065028 is divided by 1032513.
2
What is the remainder when 737629 is divided by 66929?
1410
Calculate the remainder when 4612573 is divided by 2306259.
55
What is the remainder when 11504614 is divided by 3772?
14
What is the remainder when 14575831 is divided by 15673?
15614
What is the remainder when 4099666 is divided by 372693?
43
What is the remainder when 3634656 is divided by 342?
222
What is the remainder when 2914549 is divided by 221?
1
What is the remainder when 987066 is divided by 96?
90
What is the remainder when 446713 is divided by 1802?
1619
What is the remainder when 78339491 is divided by 101?
53
What is the remainder when 225299826 is divided by 16039?
16032
What is the remainder when 3512594 is divided by 113?
102
Calculate the remainder when 529827 is divided by 196.
39
Calculate the remainder when 391814 is divided by 2545.
2429
What is the remainder when 1180575697 is divided by 610?
607
What is the remainder when 260167 is divided by 18512?
999
Calculate the remainder when 92694816 is divided by 694.
12
What is the remainder when 6503 is divided by 391?
247
What is the remainder when 4357276 is divided by 904?
900
Calculate the remainder when 3291984 is divided by 36.
0
What is the remainder when 6721957 is divided by 689?
73
Calculate the remainder when 32884198 is divided by 111851.
4
What is the remainder when 1556761159 is divided by 13838?
13835
What is the remainder when 894265 is divided by 5485?
210
Calculate the remainder when 157530 is divided by 15677.
760
What is the remainder when 363777730 is divided by 452?
446
What is the remainder when 31005 is divided by 402?
51
What is the remainder when 61443071 is divided by 847?
844
Calculate the remainder when 6035202 is divided by 518.
502
What is the remainder when 5292998 is divided by 826?
816
What is the remainder when 3450011 is divided by 1149803?
602
Calculate the remainder when 8291429 is divided by 14.
13
Calculate the remainder when 8016292 is divided by 22.
20
What is the remainder when 2290142 is divided by 42410?
2
What is the remainder when 248239 is divided by 165?
79
What is the remainder when 27137 is divided by 2562?
1517
Calculate the remainder when 17984 is divided by 17972.
12
Calculate the remainder when 431341292 is divided by 53.
50
What is the remainder when 1906462 is divided by 635448?
118
Calculate the remainder when 3022914 is divided by 37.
14
Calculate the remainder when 644188 is divided by 28004.
96
What is the remainder when 2103100 is divided by 107?
15
Calculate the remainder when 13203072 is divided by 2134.
14
What is the remainder when 13112710 is divided by 8175?
10
Calculate the remainder when 891515 is divided by 326.
231
Calculate the remainder when 46850 is divided by 13367.
6749
What is the remainder when 3036300 is divided by 3589?
6
What is the remainder when 191631 is divided by 1278?
1209
What is the remainder when 45247 is divided by 2982?
517
Calculate the remainder when 8809810 is divided by 4404901.
8
Calculate the remainder when 61771 is divided by 30867.
37
What is the remainder when 99075 is divided by 98871?
204
What is the remainder when 7736 is divided by 7580?
156
What is the remainder when 30535 is divided by 4936?
919
What is the remainder when 9155 is divided by 1400?
755
What is the remainder when 12035 is divided by 7701?
4334
What is the remainder when 72712 is divided by 14538?
22
Calculate the remainder when 10015 is divided by 952.
495
What is the remainder when 846898 is divided by 11754?
610
Calculate the remainder when 114771214 is divided by 11041.
19
Calculate the remainder when 31359 is divided by 1423.
53
What is the remainder when 8331011 is divided by 1269?
26
Calculate the remainder when 132086099 is divided by 3294.
3287
What is the remainder when 9863904 is divided by 8?
0
Calculate the remainder when 93819305 is divided by 13402756.
13
What is the remainder when 31562 is divided by 59?
56
What is the remainder when 5865126 is divided by 42811?
19
What is the remainder when 10662938 is divided by 666433?
10
What is the remainder when 119110 is divided by 59550?
10
What is the remainder when 372233 is divided by 1098?
11
Calculate the remainder when 819475 is divided by 204863.
23
Calculate the remainder when 937184 is divided by 171.
104
Calculate the remainder when 353072 is divided by 522.
200
Calculate the remainder when 85364666 is divided by 63421.
0
Calculate the remainder when 13904722 is divided by 457.
40
Calculate the remainder when 1130990 is divided by 376871.
377
Calculate the remainder when 530459 is divided by 2514.
5
Calculate the remainder when 35009646 is divided by 466.
464
Calculate the remainder when 6230806 is divided by 447.
73
Calculate the remainder when 249777 is divided by 275.
77
Calculate the remainder when 14603441 is divided by 2197.
2179
What is the remainder when 895385313 is divided by 734?
733
What is the remainder when 568054 is divided by 568052?
2
What is the remainder when 2739986 is divided by 76107?
134
What is the remainder when 392480631 is divided by 6480?
6471
Calculate the remainder when 49978 is divided by 24705.
568
What is the remainder when 8428914 is divided by 8428911?
3
What is the remainder when 11396097 is divided by 253243?
162
Calculate the remainder when 189478 is divided by 7890.
118
What is the remainder when 77710367 is divided by 59?
51
Calculate the remainder when 23037 is di